t of m(7)?
5
Let o(p) = -p**2 - p. Let f(l) = 3*l**2 - 7*l + 7. Let y(g) = -f(g) - 2*o(g). What is the tens digit of y(6)?
1
Suppose 0 = -5*j - 2*v - 20 + 200, 0 = -j - 3*v + 49. What is the units digit of j?
4
Let w be (-4)/((-78)/(-20) + -4). Suppose -d = -3*q + 72, 0*d = q + 5*d - w. What is the tens digit of q?
2
Let n(t) = -t**2 - 11*t + 1. Let p be n(-7). Let w = 52 - 73. Let y = w + p. What is the units digit of y?
8
Suppose 4*d + n + 3 = -2*n, 5*d + 5 = -4*n. Suppose -d*q = -0 - 15. What is the units digit of q?
5
Suppose 0 = 3*x - 12, 3*x - 8 = -2*o + x. Suppose i - 4*i + 17 = y, -4*i = -2*y - 16. Suppose o = -2*g - 1 + i. What is the units digit of g?
2
Suppose 3*q - 115 = -25. Let s be 1/(-4) + q/(-8). What is the units digit of 3*s/6*-2?
4
Suppose -5*k = -k - 76. What is the units digit of k?
9
What is the hundreds digit of 55*(-12)/9*-3?
2
Let r(k) = -k**3 - 5*k**2 - 5*k - 1. Let v be r(-4). Suppose -v*o + 81 = p - 99, -p + 240 = 4*o. What is the units digit of o?
0
Suppose -20 = -5*v - 0. Let f be 1 + (-1 - 1) + v. Suppose 0 = -f*c - c + 32. What is the units digit of c?
8
Suppose 0 = -f + p - 0*p + 8, 5*f = 4*p + 42. What is the tens digit of f?
1
Suppose q + 5*d = 24, -2*q - 2*q = 5*d - 36. Suppose -75 - 30 = -4*c + 5*t, 2*t + 90 = q*c. What is the tens digit of c?
2
Suppose -n + 436 = 3*o, 2*o - 4*n - 288 = -2*n. What is the units digit of o?
5
Let a(l) = 3*l**3 - 5*l**2 - 7. Let y(k) = 4*k**3 - 6*k**2 - 8. Let d(o) = 3*a(o) - 2*y(o). What is the units digit of d(4)?
1
Suppose 3*r - 18 = -5*h, -3*h + 19 = 4*r - 5. What is the units digit of 2/r + (-2)/(-3)?
1
Let w = -1 + -2. What is the units digit of 18*(-1 + w/(-2))?
9
Suppose 17*m - 15*m - 210 = 0. What is the tens digit of m?
0
Let f(m) be the first derivative of -7*m**4/2 + m**3/3 - 3*m**2/2 + 2*m + 2. Let t be f(2). What is the units digit of (-6)/4*t/12?
4
Suppose 98 = -3*x + 5*x. What is the units digit of x?
9
Let q = 202 - 95. Suppose 2*n = n - 5*o + 16, 2*o + q = 5*n. What is the units digit of n?
1
Suppose v + 3*j + 3 = 2, -1 = v - 2*j. What is the tens digit of ((-23)/3)/(v/3)?
2
Let m be 1177/55 + 2/(-5). Let s = m + -20. What is the units digit of s?
1
Suppose 625 = 3*v - 2*q, -2*q = -v - 7*q + 231. What is the tens digit of v?
1
Let t be ((-4)/(-8))/(1/6). Let d = t + 0. Suppose 28 = d*j + j. What is the units digit of j?
7
Let r be (1 + (-2)/4)*50. Suppose -r = 2*z - 1. What is the units digit of (z - (0 + 2))/(-2)?
7
Suppose 0 = -c - 3*t + 68, -2*c + 317 = 2*c - 3*t. Suppose -3*x - 3*l + 72 = 0, -5*x - 2*l = -c - 28. Let m = 33 - x. What is the units digit of m?
4
Let a(t) = 14*t**2 + 21*t - 5. What is the units digit of a(-5)?
0
Let k(h) = -3*h + 7*h**2 + 0*h**3 + 7*h + 4 + h**3. What is the tens digit of k(-6)?
1
Let n = 39 - 15. What is the tens digit of n?
2
Suppose -2*w + 3*f = w - 15, 2*f + 9 = w. Let r(h) = -4*h + 5 - 4 + 2*h + 14*h**3 + 2*h**2. What is the tens digit of r(w)?
1
Let f(j) = -j**3 - 7*j + 3*j + 10*j**2 - 4 - 3*j**2 - 3. Let z(s) = -s + 14. Let v be z(8). What is the units digit of f(v)?
5
Let z(v) = v**2. Let f be z(-2). What is the tens digit of f/(-2) - (0 + -15)?
1
Let d = -47 + 375. What is the hundreds digit of d?
3
Let s be ((-2)/4)/((-6)/(-36)). Let o = -26 + 18. What is the units digit of (s/2)/(6/o)?
2
What is the units digit of 1*((0 - -28) + 3)?
1
Let a be (-2)/(12/(-9))*4. Suppose 0 = -k + a*k - 45. What is the units digit of k?
9
Suppose -5*d + 82 = -3*d. What is the tens digit of d?
4
Let c(n) = -2*n**2 - 5*n - 8. Let f be c(-6). Let l be 183/5 - (-30)/f. Let o = l - 18. What is the units digit of o?
8
Suppose c = -2*w - 4 - 1, 0 = 4*w - c + 7. Let q(u) = -3*u**3 - u**2 + 2*u + 1. What is the units digit of q(w)?
7
Suppose -s - 5*o = -21, 8*s = 3*s - 4*o + 84. What is the tens digit of s?
1
Let t be 2/3 - 20/(-15). Suppose -5*u = -4*j - 27, j + 12 = -t*u + 5*u. What is the units digit of u?
3
Let p = -47 - -33. Let r = -6 - p. What is the units digit of r?
8
Suppose 3*i + 2*i - 15 = 0. What is the tens digit of 2 - (3 - i) - -8?
1
Let l = 102 + 260. What is the hundreds digit of l?
3
Suppose -4*o = -4*a - 64, -5*a + 15 = -0. What is the tens digit of o?
1
Let i(o) = 2*o - 4. Let b be i(3). Suppose -5*j = -b*j - 24. What is the units digit of j?
8
Suppose 0 = -3*r + r + 80. Let v = 68 - r. What is the units digit of v?
8
Let b(v) = v**2 - 8*v - 8. Let d be b(8). Let j be 170/d - 6/8. Let l = j - -33. What is the units digit of l?
1
Let z(x) = -x**3 + 2*x**2 + 3*x + 1. Let s(u) = -u**2 - 3*u + 4. Let v be s(-3). Let n be z(v). Let d = n + 30. What is the tens digit of d?
1
Let z = 234 - 67. What is the units digit of z?
7
Suppose 3*p = 2*p + 88. Suppose -3*w + 41 = -5*z - 68, 5*z + 4*w = -p. Let y = -4 - z. What is the units digit of y?
6
Let o be (-4)/(-10) - 36/(-10). Suppose -o*q = q - 50. What is the tens digit of q?
1
Let l(r) = -2*r**2 - 2*r. Let b be l(-2). Let a(t) = t. Let f(z) = -z**2 - 9*z + 2. Let g(k) = 4*a(k) + f(k). What is the units digit of g(b)?
6
Let n(q) = 2*q - 1. Let k be n(2). Suppose t = 6 + k. What is the units digit of t?
9
Let m(x) = x**3 + 2*x**2 + 8. What is the units digit of m(0)?
8
Let n be ((-3)/6)/((-2)/(-24)). What is the tens digit of 40/6*(-9)/n?
1
Let m(h) = -10*h**3 + 6*h**2 + 8*h + 7. What is the hundreds digit of m(-3)?
3
Suppose 1224 = -8*d + 11*d. What is the tens digit of d?
0
Suppose 5*k - 212 = -3*w, 0*w = 2*w + 5*k - 143. Suppose w - 1 = 4*z - 2*t, -5*t - 8 = -z. What is the units digit of z?
8
Suppose -k = -3*b - 6, 0 = -2*k - 0*b + 4*b + 6. What is the units digit of (-14)/(-6)*15 + k?
2
Let q be 36/(-63)*14/(-4). Suppose -8*n = -3*n + r - 5, 0 = -4*n - q*r - 2. What is the units digit of n?
2
Let q(a) = 3*a**2 + 5*a + 1. What is the hundreds digit of q(8)?
2
Let m = 5 + -3. Let x = 9 - m. What is the units digit of 28/x + (-1 - 1)?
2
What is the units digit of 184/2 + 0 + 4 + -4?
2
Let s = 10 - 4. Let g(f) = -f**2 + 3*f + 6. Let o be g(s). Let b = 20 + o. What is the units digit of b?
8
Let u(n) be the second derivative of n**4/4 - 5*n**3/6 + n**2 + n. What is the tens digit of u(3)?
1
Let s(x) = x**3 - 2*x**2 - 3*x + 4. Let y be s(3). Suppose 30 = h + 4*h. What is the units digit of ((-30)/(-9))/(y/h)?
5
Let v = 443 + 15. What is the tens digit of v?
5
Let z(k) = -k**3 + 7*k**2. Let f be z(7). Suppose 0 = 3*i - 4 + 1. Suppose 2*n - 23 + i = f. What is the units digit of n?
1
Suppose v + 4*a = -2*v + 101, -4*a - 61 = -3*v. Suppose f = 3*y + v, 4*y + 45 = -y - 4*f. What is the units digit of (-1 + 15/y)*-3?
8
What is the units digit of 0/(-2) - 5/((-20)/464)?
6
Let v be (2*1)/(18/45). Let x = 6 - v. What is the units digit of x?
1
Let k(a) = 19*a**2 - 4*a + 7. What is the tens digit of k(2)?
7
Let d(q) = -q**2 + 10*q - 2. Let g be d(8). Let s = 48 - g. What is the tens digit of s?
3
Suppose -4*r - z + 24 = 0, 4*z + 6 = r - z. What is the units digit of (r - 0) + 4/(-4)?
5
Suppose -5*n - 34 = -f, 2*f = -0*n - 2*n + 116. What is the units digit of f?
4
Let s = 57 + -38. What is the tens digit of s?
1
Suppose 2*h - 2 = -0. Let p = 0 + h. Let d = 0 + p. What is the units digit of d?
1
Let h be 11 + 3 + 2*1. Let i be 1/3 + (-42)/(-9). Suppose 3*d - h = i. What is the units digit of d?
7
Let p = 79 + 11. What is the units digit of p?
0
Suppose -7*s + 2*s - w = -347, 79 = s + 5*w. What is the units digit of s?
9
Suppose -2 = -b + 3, t + b = 45. What is the tens digit of t?
4
Let u = 109 - -21. What is the units digit of (-22)/(-26) - (-20)/u?
1
Let s = 7 - 4. Suppose c + 3*c - 12 = 5*u, -3*c = 2*u - 9. Suppose -2*g - s*g - 25 = u, 35 = 5*t - 3*g. What is the units digit of t?
4
What is the units digit of ((-192)/40)/8 - (-268)/5?
3
What is the units digit of 100 + ((-12)/8)/(1/2)?
7
Let z = 5 + -20. Let d(t) = 20*t**2 - 2*t - 1. Let y be d(-1). Let p = z + y. What is the units digit of p?
6
Let m be (45/(-12))/(1/(-8)). Let g = 45 - m. What is the units digit of g?
5
Let f(t) be the second derivative of -t**4/12 - 5*t**3/3 + 3*t. Let i be f(-9). Let l = i - -6. What is the tens digit of l?
1
Let s = -4 + -5. Let c = s + 12. What is the units digit of c?
3
Suppose 6*m = -66 + 258. What is the tens digit of m?
3
Let c(t) = t + 21. Let n be c(-18). Suppose -3*f + n*q + 45 = 0, -2*f